16 (base 10) to base 4
100
Convert -45 (base 7) to base 10.
-33
2 (base 4) to base 16
2
36 (base 7) to base 13
21
Convert -9 (base 12) to base 5.
-14
What is 10 (base 8) in base 16?
8
-6 (base 11) to base 13
-6
Convert 103 (base 8) to base 9.
74
Convert 47 (base 8) to base 12.
33
0 (base 10) to base 6
0
12211 (base 3) to base 16
9d
What is 0 (base 4) in base 13?
0
Convert -1 (base 14) to base 7.
-1
Convert -16 (base 7) to base 2.
-1101
What is 10001000 (base 2) in base 3?
12001
Convert 1a (base 16) to base 14.
1c
101 (base 16) to base 7
515
What is 2 (base 10) in base 2?
10
What is 10 (base 3) in base 6?
3
What is 1 (base 12) in base 13?
1
What is -2031 (base 4) in base 3?
-12020
What is -91 (base 15) in base 6?
-344
What is -65 (base 11) in base 9?
-78
1010101 (base 2) to base 12
71
Convert 9 (base 12) to base 9.
10
Convert 131 (base 13) to base 8.
321
What is 102 (base 3) in base 11?
10
-19 (base 11) to base 15
-15
Convert 101011 (base 2) to base 4.
223
What is 13 (base 14) in base 4?
101
1a (base 11) to base 8
25
Convert 4 (base 9) to base 12.
4
-22 (base 8) to base 9
-20
-12 (base 9) to base 14
-b
What is -4 (base 12) in base 5?
-4
Convert -13 (base 10) to base 3.
-111
11122 (base 3) to base 2
1111101
What is c3 (base 15) in base 5?
1213
What is -9 (base 14) in base 2?
-1001
Convert -1212 (base 3) to base 8.
-62
-110010 (base 2) to base 15
-35
-47 (base 15) to base 13
-52
What is 11f (base 16) in base 8?
437
What is 384 (base 10) in base 16?
180
What is 32 (base 6) in base 14?
16
Convert 60 (base 8) to base 11.
44
What is 1 (base 12) in base 2?
1
What is -14 (base 7) in base 13?
-b
Convert -80 (base 11) to base 6.
-224
31 (base 10) to base 16
1f
Convert -1000011 (base 2) to base 3.
-2111
Convert -3 (base 9) to base 4.
-3
What is 10 (base 2) in base 6?
2
Convert -5 (base 11) to base 2.
-101
-1100 (base 2) to base 7
-15
Convert -1 (base 16) to base 14.
-1
-2 (base 15) to base 12
-2
What is 0 (base 11) in base 13?
0
155 (base 14) to base 5
2041
Convert -5 (base 11) to base 8.
-5
What is -1 (base 15) in base 5?
-1
What is 1 (base 13) in base 5?
1
Convert f9 (base 16) to base 11.
207
-6 (base 16) to base 10
-6
Convert 4 (base 10) to base 12.
4
-18c (base 14) to base 9
-385
-221 (base 6) to base 7
-151
What is -87 (base 12) in base 13?
-7c
-1110110 (base 2) to base 8
-166
-101110 (base 2) to base 4
-232
-8 (base 11) to base 2
-1000
-9 (base 15) to base 3
-100
7 (base 15) to base 14
7
3 (base 13) to base 6
3
28 (base 14) to base 7
51
Convert -2 (base 7) to base 4.
-2
What is -503 (base 7) in base 6?
-1052
2 (base 11) to base 7
2
Convert 22 (base 5) to base 13.
c
Convert 132 (base 7) to base 16.
48
What is 0 (base 8) in base 12?
0
Convert -10012 (base 3) to base 2.
-1010110
-2 (base 14) to base 4
-2
7 (base 12) to base 13
7
420 (base 6) to base 5
1111
What is -10 (base 11) in base 4?
-23
Convert -34 (base 12) to base 2.
-101000
-4 (base 6) to base 16
-4
What is 13 (base 16) in base 14?
15
What is 9 (base 12) in base 5?
14
Convert -32 (base 7) to base 11.
-21
Convert 21 (base 5) to base 3.
102
4 (base 9) to base 7
4
-5 (base 7) to base 3
-12
Convert 16 (base 13) to base 9.
21
0 (base 8) to base 15
0
Convert e (base 16) to base 12.
12
What is 0 (base 16) in base 9?
0
Convert 0 (base 3) to base 10.
0
Convert 14 (base 9) to base 8.
15
What is -11 (base 3) in base 8?
-4
What is -27 (base 15) in base 13?
-2b
What is -3 (base 16) in base 7?
-3
What is -3 (base 6) in base 13?
-3
What is 1a (base 14) in base 2?
11000
What is 10 (base 12) in base 9?
13
What is 6 (base 16) in base 2?
110
13 (base 6) to base 7
12
7 (base 14) to base 12
7
What is 44 (base 11) in base 8?
60
25 (base 12) to base 8
35
-231 (base 4) to base 6
-113
What is 11 (base 9) in base 2?
1010
Convert 35 (base 6) to base 10.
23
-3 (base 6) to base 5
-3
7 (base 10) to base 7
10
-3 (base 16) to base 8
-3
-5 (base 7) to base 2
-101
What is 1100 (base 2) in base 4?
30
Convert 10 (base 7) to base 3.
21
What is -11 (base 9) in base 14?
-a
What is 0 (base 11) in base 2?
0
124 (base 14) to base 5
1403
1 (base 7) to base 14
1
34 (base 6) to base 4
112
Convert 137 (base 9) to base 14.
83
What is 2 (base 11) in base 2?
10
1110 (base 2) to base 8
16
51 (base 14) to base 4
1013
What is 34 (base 9) in base 14?
23
-7 (base 9) to base 10
-7
Convert 31 (base 15) to base 5.
141
What is 0 (base 2) in base 10?
0
64 (base 8) to base 9
57
What is 17 (base 13) in base 10?
20
-10 (base 2) to base 14
-2
What is -6b (base 13) in base 2?
-1011001
What is -36 (base 9) in base 4?
-201
-1 (base 9) to base 11
-1
Convert 100 (base 3) to base 2.
1001
-1 (base 10) to base 2
-1
What is 36 (base 10) in base 15?
26
-8 (base 9) to base 15
-8
What is -2 (base 3) in base 11?
-2
2 (base 13) to base 8
2
What is 4 (base 7) in base 2?
100
What is -1 (base 16) in base 11?
-1
3 (base 14) to base 15
3
What is -11101 (base 2) in base 15?
-1e
Convert -1 (base 16) to base 5.
-1
What is 2000 (base 4) in base 2?
10000000
Convert 1 (base 13) to base 14.
1
What is -3 (base 8) in base 3?
-10
Convert 10 (base 2) to base 14.
2
Convert -80 (base 13) to base 6.
-252
What is 115 (base 10) in base 2?
1110011
19 (base 14) to base 9
25
-b (base 16) to base 2
-1011
What is -20 (base 7) in base 12?
-12
103 (base 4) to base 6
31
What is -16 (base 7) in base 6?
-21
Convert -3 (base 4) to base 6.
-3
0 (base 11) to base 3
0
-1 (base 16) to base 14
-1
What is -1 (base 7) in base 14?
-1
-13 (base 5) to base 4
-20
0 (base 10) to base 13
0
What is -2d (base 14) in base 15?
-2b
Convert -1023 (base 5) to base 12.
-b6
What is 35 (base 9) in base 7?
44
Convert 99 (base 11) to base 7.
213
-4 (base 12) to base 2
-100
87 (base 13) to base 11
a1
8 (base 15) to base 11
8
What is 1c (base 14) in base 6?
42
Convert 6 (base 9) to base 6.
10
2 (base 3) to base 13
2
4 (base 6) to base 2
100
0 (base 13) to base 14
0
What is 0 (base 14) in base 5?
0
Convert -5 (base 8) to base 7.
-5
What is -4 (base 13) in base 6?
-4
Convert a (base 16) to base 4.
22
-42 (base 6) to base 15
-1b
Convert 0 (base 7) to base 6.
0
Convert 3 (base 6) to base 15.
3
Convert 5 (base 8) to base 10.
5
What is -3c (base 13) in base 11?
-47
What is -3 (base 14) in base 12?
-3
-5 (base 12) to base 5
-10
3 (base 11) to base 16
3
-10 (base 4) to base 8
-4
2 (base 6) to base 8
2
What is -26 (base 12) in base 9?
-33
What is 4 (base 11) in base 10?
4
Convert -10 (base 3) to base 5.
-3
What is 7 (base 12) in base 13?
7
10011100 (base 2) to base 11
132
What is 341 (base 5) in base 3?
10120
What is -104 (base 8) in base 2?
-1000100
What is 85 (base 9) in base 5?
302
-4 (base 12) to base 3
-11
0 (base 2) to base 9
0
What is -11 (base 7) in base 15?
-8
What is 3 (base 15) in base 10?
3
-10 (base 11) to base 9
-12
-111 (base 3) to base 13
-10
What is -100001 (base 2) in base 5?
-113
d6 (base 15) to base 4
3021
What is 3 (base 13) in base 7?
3
Convert 203 (base 5) to base 3.
1222
What is -1 (base 6) in base 12?
-1
Convert -3 (base 13) to base 6.
-3
What is 21 (base 8) in base 16?
11
What is -4 (base 13) in base 8?
-4
Convert 1 (base 10) to base 12.
1
Convert -20 (base 5) to base 8.
-12
What is -33 (base 6) in base 14?
-17
Convert 4 (base 10) to base 6.
4
Convert 2 (base 8) to base 2.
10
What is 224 (base 8) in base 9?
174
Convert -530 (base 6) to base 13.
-123
What is -28 (base 10) in base 14?
-20
18 (base 11) to base 10
19
2 (base 9) to base 5
2
What is 30 (base 16) in base 10?
48
Convert -3 (base 4) to base 5.
-3
Convert -1 (base 2) to base 15.
-1
-110 (base 2) to base 6
-10
What is -a (base 14) in base 13?
-a
168 (base 14) to base 16
120
-181 (base 9) to base 11
-130
Convert 14 (base 12) to base 11.
15
What is -1 (base 15) in base 12?
-1
11212 (base 3) to base 15
8b
Convert 0 (base 11) to base 13.
0
-176 (base 8) to base 9
-150
What is 10 (base 2) in base 12?
2
Convert 57 (base 11) to base 10.
62
Convert 3 (base 11) to base 4.
3
What is -4 (base 10) in base 4?
-10
What is -10 (base 5) in base 13?
-5
-22 (base 9) to base 15
-15
a (base 14) to base 12
a
What is -127 (base 9) in base 8?
-152
-10 (base 7) to base 5
-12
Convert 18 (base 10) to base 12.
16
What is 97 (base 10) in base 16?
61
What is 3 (base 9) in base 5?
3
Convert 24 (base 6) to base 4.
100
Convert 11101 (base 2) to base 8.
35
22 (base 15) to base 3
10